{"id":24,"date":"2021-10-24T12:56:10","date_gmt":"2021-10-24T12:56:10","guid":{"rendered":"https:\/\/samuellier.com\/?page_id=24"},"modified":"2022-01-29T12:21:49","modified_gmt":"2022-01-29T12:21:49","slug":"impressum","status":"publish","type":"page","link":"https:\/\/samuellier.com\/?page_id=24","title":{"rendered":"Impressum"},"content":{"rendered":"\n<p>Copyright \u00a9 2022 Samuel W. Lier, All Rights Reserved.<\/p>\n\n\n\n<h4 class=\"wp-block-heading\" id=\"autoren-1\">Autoren<\/h4>\n\n\n\n<p>Samuel W. Lier<br>unter Mitwirkung seiner Tochter \/ avec la participation de sa fille<br>Rahel Lier<\/p>\n\n\n\n<h4 class=\"wp-block-heading\" id=\"urheberrecht\">Urheberrecht<\/h4>\n\n\n\n<p>Die Urheber- und alle anderen Rechte an Inhalten, Bildern, Fotos oder anderen Dateien auf der Website geh\u00f6ren ausschliesslich dem Autor dieser Webseite oder den speziell genannten Rechtsinhabern. F\u00fcr die Reproduktion jeglicher Elemente ist die schriftliche Zustimmung der Urheberrechtstr\u00e4ger im Voraus einzuholen.<\/p>\n\n\n\n<h4 class=\"wp-block-heading\" id=\"droit-d-auteur\">Droit d&#8217;auteur<\/h4>\n\n\n\n<p>Les droits d&#8217;auteur et tous les autres droits li\u00e9s aux contenus, images, photos ou autres fichiers pr\u00e9sents sur le site web appartiennent exclusivement \u00e0 l&#8217;auteur de ce site web ou aux titulaires de droits sp\u00e9cialement cit\u00e9s. L&#8217;autorisation \u00e9crite des d\u00e9tenteurs des droits d&#8217;auteur doit \u00eatre obtenue au pr\u00e9alable pour la reproduction de tout \u00e9l\u00e9ment.<\/p>\n\n\n\n<h3 class=\"has-text-align-center wp-block-heading\">* * *<\/h3>\n\n\n\n<div class=\"wp-block-columns is-layout-flex wp-container-core-columns-is-layout-9d6595d7 wp-block-columns-is-layout-flex\">\n<div class=\"wp-block-column is-layout-flow wp-block-column-is-layout-flow\">\n<h6 class=\"wp-block-heading\" id=\"gestaltung-programmierung-webmaster-conception-programmation-webmaster\">Gestaltung, Programmierung, Webmaster \/ Conception, programmation, webmaster<\/h6>\n<\/div>\n<\/div>\n\n\n\n<p><font size=\"3\">Bei Fragen und Anregungen zur Webseite wenden Sie sich bitte an:<br>Pour toute question ou suggestion concernant le site web, veuillez vous adresser \u00e0 :<font><\/p>\n\n\n\n<p><font size=\"3\">info (at) hug3.ch<font><\/p>\n\n\n\n<p><\/p>\n","protected":false},"excerpt":{"rendered":"<p>Copyright \u00a9 2022 Samuel W. Lier, All Rights Reserved. Autoren Samuel W. Lierunter Mitwirkung seiner Tochter \/ avec la participation de sa filleRahel Lier Urheberrecht Die Urheber- und alle anderen<\/p>\n<p class=\"more-link\"><a href=\"https:\/\/samuellier.com\/?page_id=24\" class=\"readmore\">Continue reading<svg class=\"icon icon-arrow-right\" aria-hidden=\"true\" role=\"img\"> <use href=\"#icon-arrow-right\" xlink:href=\"#icon-arrow-right\"><\/use> <\/svg><span class=\"screen-reader-text\">Impressum<\/span><\/a><\/p>\n","protected":false},"author":1,"featured_media":0,"parent":0,"menu_order":0,"comment_status":"closed","ping_status":"closed","template":"","meta":{"footnotes":""},"class_list":["post-24","page","type-page","status-publish","hentry"],"_links":{"self":[{"href":"https:\/\/samuellier.com\/index.php?rest_route=\/wp\/v2\/pages\/24","targetHints":{"allow":["GET"]}}],"collection":[{"href":"https:\/\/samuellier.com\/index.php?rest_route=\/wp\/v2\/pages"}],"about":[{"href":"https:\/\/samuellier.com\/index.php?rest_route=\/wp\/v2\/types\/page"}],"author":[{"embeddable":true,"href":"https:\/\/samuellier.com\/index.php?rest_route=\/wp\/v2\/users\/1"}],"replies":[{"embeddable":true,"href":"https:\/\/samuellier.com\/index.php?rest_route=%2Fwp%2Fv2%2Fcomments&post=24"}],"version-history":[{"count":10,"href":"https:\/\/samuellier.com\/index.php?rest_route=\/wp\/v2\/pages\/24\/revisions"}],"predecessor-version":[{"id":300,"href":"https:\/\/samuellier.com\/index.php?rest_route=\/wp\/v2\/pages\/24\/revisions\/300"}],"wp:attachment":[{"href":"https:\/\/samuellier.com\/index.php?rest_route=%2Fwp%2Fv2%2Fmedia&parent=24"}],"curies":[{"name":"wp","href":"https:\/\/api.w.org\/{rel}","templated":true}]}}